e
Is 224483 prime?
False
Is 1789526 a prime number?
False
Is 32995 composite?
True
Is 479059 a composite number?
True
Is 247177 a prime number?
False
Is 43657 prime?
False
Is 39685 a prime number?
False
Is 10973 prime?
True
Is 6421 a prime number?
True
Is 167593 a prime number?
True
Is 168851 composite?
False
Is 52123 prime?
False
Is 2293 prime?
True
Is 7013 composite?
False
Is 161503 a prime number?
True
Is 3793 a composite number?
False
Is 606173 a prime number?
True
Is 3376598 prime?
False
Is 30991 composite?
True
Is 766957 a prime number?
True
Is 31177 a prime number?
True
Is 2443 prime?
False
Is 2095019 a prime number?
False
Is 167057 composite?
True
Is 12797 a prime number?
False
Is 31159 a prime number?
True
Is 57913 prime?
False
Is 147047 prime?
True
Is 29231 composite?
False
Is 120093 a prime number?
False
Is 9689 a prime number?
True
Is 39019 prime?
True
Is 125591 a prime number?
True
Is 66841 composite?
False
Is 80117 prime?
False
Is 853 composite?
False
Is 119819 composite?
True
Is 102719 composite?
True
Is 11819 a composite number?
True
Is 29741 composite?
False
Is 53479 a prime number?
True
Is 7507 composite?
False
Is 134427 prime?
False
Is 9103 a prime number?
True
Is 2428613 a composite number?
True
Is 572735 composite?
True
Is 774083 composite?
False
Is 3203 a prime number?
True
Is 1275107 a composite number?
False
Is 6959 prime?
True
Is 204233 a prime number?
True
Is 190947 a composite number?
True
Is 23889 a composite number?
True
Is 52163 a composite number?
False
Is 59071 a prime number?
False
Is 7789 a prime number?
True
Is 8123 a composite number?
False
Is 9203 a composite number?
False
Is 2287463 a prime number?
True
Is 8257 prime?
False
Is 53299 a composite number?
False
Is 274751 prime?
True
Is 8093 composite?
False
Is 1465 composite?
True
Is 47643 a composite number?
True
Is 13577 a prime number?
True
Is 682793 prime?
False
Is 59569 prime?
False
Is 9311 composite?
False
Is 1442305 a prime number?
False
Is 31071 a prime number?
False
Is 1249 a prime number?
True
Is 10937 prime?
True
Is 174739 a prime number?
False
Is 2773 a prime number?
False
Is 1597 composite?
False
Is 1216673 composite?
True
Is 11519 a prime number?
True
Is 381 a composite number?
True
Is 15601 a prime number?
True
Is 220121 composite?
True
Is 838711 a prime number?
True
Is 16921 prime?
True
Is 737251 prime?
True
Is 115681 composite?
True
Is 133033 prime?
True
Is 3810391 prime?
False
Is 4893163 a prime number?
False
Is 300109 a prime number?
True
Is 89561 a composite number?
False
Is 53653 a composite number?
False
Is 16217 composite?
False
Is 65479 prime?
True
Is 1839 prime?
False
Is 158089 a composite number?
True
Is 29383 a composite number?
False
Is 309433 a prime number?
True
Is 309143 a prime number?
False
Is 455251 a prime number?
False
Is 9091 composite?
False
Is 361529 composite?
True
Is 6457 a composite number?
True
Is 82673 a prime number?
False
Is 1353901 prime?
True
Is 77317 a prime number?
True
Is 1346309 a prime number?
True
Is 586255 prime?
False
Is 1587187 a composite number?
True
Is 2819 a composite number?
False
Is 44146 composite?
True
Is 78635 a prime number?
False
Is 216317 a composite number?
False
Is 2352121 a composite number?
True
Is 19619 prime?
False
Is 53187 a prime number?
False
Is 63809 prime?
True
Is 23957 prime?
True
Is 1717439 prime?
True
Is 83537 composite?
False
Is 228049 a prime number?
True
Is 54869 a composite number?
False
Is 17399 a composite number?
True
Is 135257 composite?
False
Is 107227 a prime number?
True
Is 257 a composite number?
False
Is 6469 composite?
False
Is 774733 prime?
True
Is 109883 a prime number?
True
Is 1639 a composite number?
True
Is 11441 prime?
False
Is 46957 prime?
True
Is 3239 a composite number?
True
Is 41383 a prime number?
False
Is 216214 composite?
True
Is 440753 composite?
False
Is 46559 composite?
False
Is 112163 composite?
False
Is 123593 prime?
True
Is 7831 a composite number?
True
Is 20599 a prime number?
True
Is 70715 prime?
False
Is 1460467 a prime number?
True
Is 24557 prime?
False
Is 9791 a composite number?
False
Is 24763 a prime number?
True
Is 28682 a composite number?
True
Is 24019 prime?
True
Is 1895 prime?
False
Is 109609 a prime number?
True
Is 3831 a composite number?
True
Is 36599 a composite number?
False
Is 1011577 a composite number?
True
Is 14853 a composite number?
True
Is 4197 a composite number?
True
Is 2603 prime?
False
Is 65447 a prime number?
True
Is 11413 prime?
False
Is 329 a composite number?
True
Is 20851 composite?
True
Is 142169 a composite number?
False
Is 144538 a prime number?
False
Is 22171 composite?
False
Is 1758707 a prime number?
False
Is 99917 composite?
True
Is 122633 composite?
True
Is 10049 prime?
False
Is 15971 a composite number?
False
Is 37781 a composite number?
False
Is 435077 a prime number?
False
Is 6562295 a composite number?
True
Is 6449 composite?
False
Is 2531 a prime number?
True
Is 7411 composite?
False
Is 8059 composite?
False
Is 14159 a composite number?
False
Is 21083 a prime number?
False
Is 347929 a prime number?
True
Is 67801 a prime number?
True
Is 2293 a composite number?
False
Is 4573 a prime number?
False
Is 24199 prime?
False
Is 258547 composite?
True
Is 5147 a composite number?
False
Is 4951091 a prime number?
True
Is 16503 a composite number?
True
Is 50665 a prime number?
False
Is 3949 a prime number?
False
Is 40031 prime?
True
Is 248971 a prime number?
True
Is 2477 a composite number?
False
Is 86839 a prime number?
False
Is 10903 prime?
True
Is 15037 a prime number?
False
Is 56519 a composite number?
False
Is 253787 a prime number?
True
Is 1440203 a composite number?
False
Is 25187 composite?
True
Is 4678211 composite?
False
Is 18229 a prime number?
True
Is 773743 composite?
True
Is 235163 composite?
True
Is 95369 composite?
False
Is 62749 a composite number?
True
Is 120641 prime?
True
Is 315221 prime?
False
Is 9301 a prime number?
False
Is 3431 composite?
True
Is 10747 composite?
True
Is 198529 prime?
True
Is 1180651 a composite number?
True
Is 21959 a composite number?
True
Is 28297 prime?
True
Is 1283437 a prime number?
True
Is 107519 prime?
False
Is 26237 a prime number?
True
Is 132063 composite?
True
Is 387911 a prime number?
True
Is 248683 a composite number?
False
Is 436801 prime?
True
Is 31945 a prime number?
False
Is 80365 prime?
False
Is 745517 a composite number?
False
Is 2629 a prime number?
False
Is 294445 prime?
False
Is 2671 a prime number?
True
Is 13643 prime?
False
Is 69583 composite?
True
Is 12079 a prime number?
False
Is 5897 a prime number?
True
Is 6197 a prime number?
True
Is 3587 a composite number?
True
Is 4471 a prime number?
False
Is 15989 prime?
False
Is 3563 a prime number?
False
Is 254687 a prime number?
False
Is 502781 composite?
False
Is 16603 prime?
True
Is 60218 prime?
False
Is 231269 prime?
True
Is 73009 a composite number?
False
Is 8654 prime?
False
Is 4166458 composite?
True
Is 29371 a composite number?
True
Is 147811 prime?
True
Is 227057 prime?
False
Is 43933 prime?
True
Is 3841 prime?
False
Is 87403 a composite number?
False
Is 456833 a prime number?
False
Is 245741 a composite number?
False
Is 24394 a prime number?
False
Is 59507 a composite number?
True
Is 35023 prime?
True
Is 97103 composite?
False
Is 94421 composite?
False
Is 412003 a prime number?
False
Is 119811 a prime number?
False
Is 748441 composite?
False
Is 124921 composite?
True
Is 33851 composite?
False
Is 7591 a prime number?
True
Is 496631 a composite number?
False
Is 183859 composite?
True
Is 55219 a composite number?
False
Is 149001 a composite number?
True
Is 107419 composite?
True
Is 9293 prime?
True
Is 69787 a composite number?
True
Is 1096289 a prime number?
True
Is 83329 a prime number?
False
Is 7447 composite?
True
Is 1357491 a prime number?
False
Is 1043969 a composite number?
False
Is 15529 a prime number?
False
Is 5127 composite?
True
Is 2338471 prime?
True
Is 431017 a prime number?
True
Is 70261 composite?
True
Is 684407 prime?
True
Is 44074 prime?
False
Is 8657 a composite number?
True
Is 1069019 composite?
True
Is 28537 composite?
False
Is 88379 a prime number?
True
Is 4985 composite?
True
Is 7861 prime?
False
Is 89753 prime?
True
Is 396145 composite?
True
Is 8197 a composite number?
